 x(n) = -n**2 - 5*n - 7. Let p be x(-5). Let c = 15 + p. Let j(b) = 2*b**2 - 3*b - 106. Let i be j(10). What is the highest common divisor of c and i?
8
Let w = -27 + 54. Suppose 0 = -4*r - l + 31, 4*r + 5*l = -0*l + w. What is the greatest common divisor of r and 56?
8
Suppose -28 = 12*y - 26*y. Let j be ((-6)/(-2))/((-4)/(-4)). What is the greatest common divisor of y and j?
1
Let z = -7 + 12. Let o be 14/(-35) - 27/(-5). What is the highest common divisor of z and o?
5
Suppose 14 = 5*j + 2*j. Suppose -j*c + 3*y = -7 - 4, 0 = -c - y + 8. What is the greatest common divisor of 56 and c?
7
Let u be (-1 - 1)*(-172)/8. Let v = -16 + u. Calculate the highest common factor of v and 108.
27
Suppose -2*p + 235 = -3*t, -4*t = -5*p + 662 - 71. What is the highest common factor of p and 187?
17
Suppose -2 = 5*u + 4*f, 3*u - 11 - 4 = 3*f. Let l be (-5 - -12)*(12 - u)/2. What is the greatest common factor of 14 and l?
7
Let w(s) = -s**3 - 4*s**2 + 8*s + 4. Let m be w(-5). Let h(l) = l**2 + 11*l + 6. Let j be h(m). What is the highest common divisor of 66 and j?
6
Suppose -4*c - 10 = -6*c, 4*j - 129 = 3*c. Let k(g) = -10*g + 164. Let a be k(16). What is the highest common factor of a and j?
4
Let s(h) = h**3 + 18*h**2 - h + 1235. Let g be s(0). What is the greatest common factor of 65 and g?
65
Suppose -i = 3, -3*s - 3*i = -49 - 383. What is the greatest common factor of 126 and s?
21
Let m be 40/(-28) + 12/28. Let i(x) = 26*x**2 + x - 1. Let v be i(m). Calculate the highest common factor of 192 and v.
24
Let k be -3 + (1/1 - (-3 + -27)). Let q = k - -148. Calculate the highest common factor of q and 16.
16
Let f(j) = -j**2 - 24*j - 46. Let w be f(-10). What is the greatest common divisor of w and 1410?
94
Let f(o) = 132*o**3 - o**2 + 2*o - 1. Let q be 9*((-4)/12 - 0). Let g be q + (-5)/(15/(-12)). Let d be f(g). Calculate the highest common divisor of d and 22.
22
Let v be -10 + 71 + (10 - 8). Let i be (-42)/(-4)*6/9. Calculate the greatest common factor of i and v.
7
Let i(s) = s**2 + s + 1. Let d(g) = g**3 - 2*g**2 - g - 6. Let y(l) = -d(l) + i(l). Let x be y(0). Calculate the greatest common divisor of 1 and x.
1
Let u = -392 + 482. Suppose -36 + 0 = -2*v. Calculate the greatest common divisor of v and u.
18
Let z = 65 + -57. Calculate the highest common factor of z and 92.
4
Let p be (-10)/(-40) + 9/(-4). Let b = p + 32. Suppose 3*x - x - b = 0. Calculate the greatest common divisor of x and 105.
15
Let m be 18/63 + (-14352)/(-91). What is the greatest common divisor of 2 and m?
2
Let u(i) = 3 + 3*i - 23 - 10 + 4. Let x be u(9). Calculate the greatest common factor of x and 9.
1
Let c(w) = -4*w**3 - 11*w**2 - 7*w + 7. Let k be c(-6). What is the greatest common divisor of 11 and k?
11
Suppose 4*l + 5*b - 48 - 71 = 0, -4*l + 2*b + 98 = 0. Calculate the greatest common divisor of 39 and l.
13
Let n(a) be the third derivative of 0*a - 1/24*a**4 + 3*a**2 + 10/3*a**3 + 0. Let b be n(9). Calculate the greatest common factor of 44 and b.
11
Let t be (-3)/12*(-20)/5. Suppose 248 = 4*b + 4*o, -t + 0 = o. What is the greatest common factor of 9 and b?
9
Let n = 15 - 3. Let a(d) = d**2 + 23*d + 2. Let r be a(-19). Let x = 78 + r. What is the greatest common factor of x and n?
4
Let x be (48/(-9))/(4/(-6)). Suppose -3 = 5*l - x*l. What is the highest common factor of 6 and l?
1
Suppose -29 = -4*j - 5. Let r = 15 - -23. Let s = 92 - r. Calculate the greatest common factor of s and j.
6
Suppose 353*h = 354*h - 130. What is the greatest common divisor of h and 20?
10
Let z = 77 - 5. What is the greatest common factor of z and 180?
36
Let a be 1 + 2/((-6)/(-9)). Let h(q) = -q**3 + 7*q**2 - 4*q + 10. Let f be h(7). Let n be f/(-63) - 250/(-7). Calculate the highest common divisor of n and a.
4
Suppose b = 3*b - 60. Let n(d) = d**2 + 6*d - 2. Let v be n(-7). Calculate the greatest common divisor of b and v.
5
Let o = 12 + -9. Let u be 0 + (o - 6) - -8. Let y be u/(15/21) + 2. Calculate the greatest common divisor of y and 1.
1
Let g = 34 + -7. Suppose c = -4*c - 25, g = 2*k - 3*c. What is the highest common factor of 4 and k?
2
Suppose 0 = -h + 23 + 59. Calculate the highest common divisor of 738 and h.
82
Let d(o) = 154*o**3 + 3*o**2 - 1. Let t be d(1). Calculate the greatest common factor of 12 and t.
12
Let o = -978 - -1050. Calculate the greatest common divisor of 846 and o.
18
Let q(g) = g - 8*g + 4*g. Let j be q(-5). What is the highest common factor of 60 and j?
15
Let p be (1 - (-2 - -4))*-7. Suppose 142*z + 70 = 147*z. What is the highest common divisor of z and p?
7
Suppose -24*s + 77 = -163. Calculate the greatest common divisor of 4 and s.
2
Suppose 33*z - 396 = 22*z. Let d = -29 - -119. Calculate the highest common factor of z and d.
18
Suppose 6*t - 4*t + y = 485, 0 = -y + 5. Calculate the highest common factor of 144 and t.
48
Let z = -133 - -137. Calculate the highest common divisor of 58 and z.
2
Let b = -643 - -653. Calculate the greatest common factor of b and 1390.
10
Suppose 2*v + 2*s + 294 = -174, -5*v + 3*s - 1210 = 0. Let u = -151 - v. Let f = 29 + -21. Calculate the greatest common divisor of u and f.
8
Let l(n) = -n**3 - 35*n**2 - 69*n - 27. Let f be l(-33). What is the greatest common factor of f and 54?
18
Let i be (-4)/((-16)/12) + 767. Suppose -7*z + 0*z = -i. Suppose 5*y - 41 = 69. What is the highest common divisor of z and y?
22
Let t(j) = -j**2 + 15*j - 49. Let n be t(5). What is the highest common divisor of 27 and n?
1
Let r(p) = 8*p**3 - 7*p**2 - 16*p + 33. Let t be r(4). Calculate the greatest common divisor of 9 and t.
9
Suppose 56 = 4*y + 4*g, 6*y - y - 88 = 4*g. Let t be (2/5)/(y/40). Let b be t/(5 + (-8 - -4)). Calculate the highest common divisor of b and 4.
1
Let i be (-27)/(1/((-1)/1)). Let b be (2/5)/((-5)/25). Let n = 7 - b. What is the greatest common divisor of i and n?
9
Suppose -3*d + 2*h = -7*d + 126, 3 = h. Calculate the greatest common divisor of d and 10.
10
Suppose 0*a = 3*a - 3. Suppose 0 = -n + 2 - a. Suppose -n = -f + 10. What is the highest common divisor of f and 33?
11
Let f be (-3)/(-2)*(5 - 99/(-27)). Suppose -224 + 68 = -3*o. What is the highest common factor of o and f?
13
Suppose 3*t - t - 12 = -4*k, -4*t + 76 = -5*k. Let l be t*(-4)/8*-2. What is the highest common divisor of 14 and l?
14
Let d be 2 + ((-18)/(-3))/3. Let f(o) = 2*o - 5. Let p be f(d). Let b be 24/p - (-1 - -2). Calculate the greatest common divisor of b and 63.
7
Let s(q) = 2*q**2 + 5*q + 12. Suppose -3*y - 9 + 0 = 0. Let i be s(y). Calculate the greatest common factor of 60 and i.
15
Let d(g) = 2*g**2 + 4*g + 82. Let x be d(-19). What is the highest common factor of x and 7?
7
Let x = 2290 - 2284. What is the highest common divisor of 2418 and x?
6
Let r(f) = -52*f - 169. Let d be r(-43). Calculate the highest common factor of 13 and d.
13
Let l be 4/(-6)*5*-3. Let w(n) = -5*n + 34. Let p be w(4). Let c be 18945/315 + 1*(-2)/p. What is the highest common divisor of l and c?
10
Let g = -43 - -18. Let v = g + 45. What is the highest common divisor of 120 and v?
20
Let f = 87 - -59. Let o = -66 + f. What is the greatest common divisor of 10 and o?
10
Let y be ((-21)/(-4))/(6/32). Suppose a - 267 = m + 4*a, -5*a + 1119 = -4*m. Let q = -192 - m. What is the highest common divisor of y and q?
28
Let s = 18 - -3. Let v be -3*1 + (-31)/(434/(-140)). What is the greatest common factor of s and v?
7
Let w be (-3 - -2)/(((-91)/325)/7). What is the greatest common divisor of 20 and w?
5
Let f(q) = 10*q**2 + q + 1. Let p be f(-1). Suppose -c + 32 + 8 = 0. What is the greatest common factor of c and p?
10
Let u be 6/((162/84)/9). What is the greatest common factor of 182 and u?
14
Suppose 2*i - 23 = 3*d, 3*d - d + 22 = 3*i. Suppose -4*g = -3*p + 151, -i*p + g + 246 = p. What is the highest common factor of 7 and p?
7
Let i = -1 - -7. Let z be 10/5 - i/(-3). Suppose -166 = -z*u - 2*d, -5 - 1 = -2*d. What is the highest common factor of 10 and u?
10
Let a = 6 - 11. Let h(n) = -7*n. Let f be h(a). Let m = 15960 - 15953. Calculate the greatest common factor of m and f.
7
Suppose 0 = 2*z + n - 265, 3*n + 261 = 8*z - 6*z. What is the highest common factor of z and 12?
12
Let n = 44 - -567. What is the highest common factor of 141 and n?
47
Suppose 